{"id":91,"date":"2025-04-14T21:44:54","date_gmt":"2025-04-14T19:44:54","guid":{"rendered":"https:\/\/justynakomorowska.pl\/sklep\/?post_type=product&#038;p=91"},"modified":"2026-03-01T21:18:21","modified_gmt":"2026-03-01T20:18:21","slug":"ebook-przepis-na-wyjatkowa-sesje-domowa","status":"publish","type":"product","link":"https:\/\/justynakomorowska.pl\/sklep\/produkt\/ebook-przepis-na-wyjatkowa-sesje-domowa\/","title":{"rendered":"Ebook: Przepis na wyj\u0105tkow\u0105 sesj\u0119 domow\u0105"},"content":{"rendered":"<p>Dzi\u0119ki temu ebookowi zaplanujesz swoj\u0105 sesj\u0119 krok po kroku. Przygotujesz si\u0119 na ka\u017cd\u0105 sytuacj\u0119, nawet t\u0119 nieprzewidzian\u0105 i nauczysz si\u0119 radzi\u0107 sobie w trudnych momentach.<\/p>\n<p><strong>Czego dowiesz si\u0119 z tego ebooka?<\/strong><\/p>\n<ul>\n<li>Jak przygotowa\u0107 si\u0119 do sesji \u2013 co ze sob\u0105 zabra\u0107 i jak przygotowa\u0107 rodzin\u0119 na to, co ich czeka.<\/li>\n<li>Jak zaplanowa\u0107 komunikacj\u0119 z klientami \u2013 od pierwszej wiadomo\u015bci po oddanie gotowych materia\u0142\u00f3w.<\/li>\n<li>Jak stworzy\u0107 plan sesji i list\u0119 kadr\u00f3w, kt\u00f3re u\u0142atwi\u0105 Ci prac\u0119 i sprawi\u0105, \u017ce Twoje zdj\u0119cia b\u0119d\u0105 jeszcze lepsze.<\/li>\n<li>Jak uchwyci\u0107 pe\u0142ne u\u015bmiechu i czu\u0142o\u015bci kadry.<\/li>\n<li>Jak radzi\u0107 sobie w trudnych sytuacjach, kt\u00f3re mog\u0105 Ci\u0119 spotka\u0107 podczas sesji.<\/li>\n<li>Jakie gry i zabawy sprawdz\u0105 si\u0119 na sesjach, by pom\u00f3c rodzinie poczu\u0107 si\u0119 swobodnie.<\/li>\n<li>Jak prowadzi\u0107 sesj\u0119 tak, by klienci byli zachwyceni i ch\u0119tnie polecali Ci\u0119 innym.<\/li>\n<\/ul>\n<p>W\u0142o\u017cy\u0142am w ten poradnik wiele serca i mam nadziej\u0119, \u017ce pomo\u017ce Ci on podnie\u015b\u0107 poziom Twoich sesji!<\/p>\n","protected":false},"excerpt":{"rendered":"<p>Zamierzasz rozpocz\u0105\u0107 przygod\u0119 z fotografi\u0105 rodzinn\u0105? Czujesz, \u017ce sesje studyjne nie s\u0105 sp\u00f3jne z Twoim stylem? Chcesz fotografowa\u0107 rodziny w naturalny i pe\u0142en czu\u0142o\u015bci spos\u00f3b?<\/p>\n<p>Ten ebook to nie tylko poradnik, ale tak\u017ce gotowy przepis na stworzenie pi\u0119knej historii ze zwyk\u0142ej codzienno\u015bci. Wype\u0142niony po brzegi praktycznymi wskaz\u00f3wkami i planem dzia\u0142ania, u\u0142atwi Ci prac\u0119 ju\u017c od pierwszej sesji i sprawi, \u017ce fotografia stanie si\u0119 dla Ciebie jeszcze wi\u0119ksz\u0105 przyjemno\u015bci\u0105!<\/p>\n","protected":false},"featured_media":42,"template":"","meta":[],"product_brand":[],"product_cat":[15],"product_tag":[],"class_list":{"0":"post-91","1":"product","2":"type-product","3":"status-publish","4":"has-post-thumbnail","6":"product_cat-ebooki","8":"first","9":"instock","10":"sale","11":"downloadable","12":"virtual","13":"purchasable","14":"product-type-simple"},"_links":{"self":[{"href":"https:\/\/justynakomorowska.pl\/sklep\/wp-json\/wp\/v2\/product\/91","targetHints":{"allow":["GET"]}}],"collection":[{"href":"https:\/\/justynakomorowska.pl\/sklep\/wp-json\/wp\/v2\/product"}],"about":[{"href":"https:\/\/justynakomorowska.pl\/sklep\/wp-json\/wp\/v2\/types\/product"}],"wp:featuredmedia":[{"embeddable":true,"href":"https:\/\/justynakomorowska.pl\/sklep\/wp-json\/wp\/v2\/media\/42"}],"wp:attachment":[{"href":"https:\/\/justynakomorowska.pl\/sklep\/wp-json\/wp\/v2\/media?parent=91"}],"wp:term":[{"taxonomy":"product_brand","embeddable":true,"href":"https:\/\/justynakomorowska.pl\/sklep\/wp-json\/wp\/v2\/product_brand?post=91"},{"taxonomy":"product_cat","embeddable":true,"href":"https:\/\/justynakomorowska.pl\/sklep\/wp-json\/wp\/v2\/product_cat?post=91"},{"taxonomy":"product_tag","embeddable":true,"href":"https:\/\/justynakomorowska.pl\/sklep\/wp-json\/wp\/v2\/product_tag?post=91"}],"curies":[{"name":"wp","href":"https:\/\/api.w.org\/{rel}","templated":true}]}}